of 1457043?
3, 7, 69383
What are the prime factors of 659279?
659279
List the prime factors of 621726.
2, 3, 7, 113, 131
What are the prime factors of 38808297?
3, 11, 17, 23059
What are the prime factors of 6789874?
2, 7, 13, 37307
List the prime factors of 9219892.
2, 11, 209543
What are the prime factors of 575555?
5, 43, 2677
List the prime factors of 21838926.
2, 3, 43, 47, 1801
What are the prime factors of 1683742?
2, 19, 59, 751
List the prime factors of 664448.
2, 29, 179
List the prime factors of 5847474.
2, 3, 23, 42373
What are the prime factors of 650354?
2, 29, 11213
List the prime factors of 7152665.
5, 13, 17, 6473
What are the prime factors of 1019855?
5, 203971
What are the prime factors of 22074653?
17, 233, 5573
What are the prime factors of 10499053?
491, 21383
List the prime factors of 69499.
69499
List the prime factors of 143390.
2, 5, 13, 1103
List the prime factors of 4407447.
3, 11, 133559
What are the prime factors of 105382?
2, 52691
What are the prime factors of 392184?
2, 3, 13, 419
What are the prime factors of 6768513?
3, 29, 25933
What are the prime factors of 9029772?
2, 3, 83609
What are the prime factors of 189243?
3, 43, 163
What are the prime factors of 5922583?
29, 331, 617
What are the prime factors of 1357306?
2, 678653
List the prime factors of 907859.
43, 491
What are the prime factors of 31953535?
5, 19, 336353
What are the prime factors of 674973?
3, 13, 641
What are the prime factors of 3735573?
3, 1245191
What are the prime factors of 29510994?
2, 3, 197, 24967
List the prime factors of 307202.
2, 7, 21943
List the prime factors of 2260410.
2, 3, 5, 75347
List the prime factors of 360068.
2, 90017
List the prime factors of 401940.
2, 3, 5, 7, 11, 29
List the prime factors of 182792.
2, 73, 313
What are the prime factors of 86380?
2, 5, 7, 617
What are the prime factors of 20317098?
2, 3, 89, 38047
What are the prime factors of 207368?
2, 7, 23
What are the prime factors of 1780910?
2, 5, 178091
What are the prime factors of 298585?
5, 7, 19, 449
List the prime factors of 1858330.
2, 5, 185833
List the prime factors of 1983810.
2, 3, 5, 89, 743
List the prime factors of 128262.
2, 3, 21377
What are the prime factors of 66923?
66923
List the prime factors of 32059357.
11, 2914487
List the prime factors of 9715682.
2, 37, 131293
What are the prime factors of 13193545?
5, 241, 10949
List the prime factors of 2068627.
11, 89, 2113
List the prime factors of 9222601.
73, 126337
What are the prime factors of 96164?
2, 29, 829
What are the prime factors of 4558629?
3, 1033, 1471
What are the prime factors of 1776477?
3, 331, 1789
What are the prime factors of 7582542?
2, 3, 11, 131, 877
What are the prime factors of 45216?
2, 3, 157
List the prime factors of 61062.
2, 3, 10177
List the prime factors of 952292.
2, 11, 23, 941
What are the prime factors of 348796?
2, 7, 12457
List the prime factors of 77719.
77719
List the prime factors of 1582042.
2, 7, 11, 10273
What are the prime factors of 41879999?
7, 1987, 3011
List the prime factors of 9763499.
139, 70241
What are the prime factors of 10065633?
3, 89, 37699
List the prime factors of 165497.
167, 991
List the prime factors of 556972.
2, 13, 10711
What are the prime factors of 387528?
2, 3, 67, 241
What are the prime factors of 12898145?
5, 13, 61, 3253
List the prime factors of 67234.
2, 33617
What are the prime factors of 1180509?
3, 11, 83, 431
List the prime factors of 5028126.
2, 3, 838021
List the prime factors of 390834.
2, 3, 21713
List the prime factors of 458303.
17, 26959
List the prime factors of 4804797.
3, 1601599
List the prime factors of 405056.
2, 6329
What are the prime factors of 10075147?
10075147
List the prime factors of 2159401.
23, 93887
List the prime factors of 8279991.
3, 19, 41, 1181
What are the prime factors of 42916328?
2, 7, 13, 167, 353
What are the prime factors of 117687?
3, 39229
List the prime factors of 24727.
79, 313
List the prime factors of 221739.
3, 7, 10559
What are the prime factors of 8370190?
2, 5, 71, 11789
What are the prime factors of 363127?
173, 2099
What are the prime factors of 22850894?
2, 11, 887, 1171
What are the prime factors of 12441219?
3, 7, 19, 31181
What are the prime factors of 2137884?
2, 3, 7, 31, 821
What are the prime factors of 6334599?
3, 2111533
What are the prime factors of 308937?
3, 29, 53, 67
What are the prime factors of 2010356?
2, 541, 929
List the prime factors of 4508372.
2, 11, 79, 1297
What are the prime factors of 1645204?
2, 11, 139, 269
List the prime factors of 1029468.
2, 3, 11, 709
List the prime factors of 229126.
2, 17, 23, 293
What are the prime factors of 874642?
2, 437321
What are the prime factors of 126935?
5, 53, 479
List the prime factors of 671115.
3, 5, 44741
List the prime factors of 531307.
7, 1549
List the prime factors of 42994.
2, 7, 37, 83
List the prime factors of 2623525.
5, 17, 6173
List the prime factors of 1095320.
2, 5, 139, 197
What are the prime factors of 1675282?
2, 7, 17, 7039
List the prime factors of 237702.
2, 3, 173, 229
What are the prime factors of 1669995?
3, 5, 17, 37, 59
List the prime factors of 497832.
2, 3, 20743
List the prime factors of 2629461.
3, 409, 2143
List the prime factors of 21008.
2, 13, 101
What are the prime factors of 1374430?
2, 5, 137443
List the prime factors of 201149.
13, 15473
List the prime factors of 4010771.
4010771
What are the prime factors of 1479582?
2, 3, 13, 6323
What are the prime factors of 1996794?
2, 3, 110933
List the prime factors of 11112550.
2, 5, 109, 2039
What are the prime factors of 8490339?
3, 11, 13, 733
List the prime factors of 46077.
3, 15359
What are the prime factors of 17158566?
2, 3, 67, 42683
What are the prime factors of 1144928?
2, 37, 967
List the prime factors of 681.
3, 227
List the prime factors of 1012450.
2, 5, 20249
List the prime factors of 861258.
2, 3, 23, 79
List the prime factors of 391059.
3, 43451
List the prime factors of 9079399.
7, 1297057
What are the prime factors of 4048095?
3, 5, 401, 673
What are the prime factors of 8689582?
2, 11, 394981
What are the prime factors of 38960?
2, 5, 487
List the prime factors of 1908423.
3, 11, 37, 521
What are the prime factors of 11239?
11239
List the prime factors of 530363.
251, 2113
List the prime factors of 13420021.
17, 83, 9511
List the prime factors of 231815.
5, 71, 653
What are the prime factors of 375057?
3, 29, 479
What are the prime factors of 4673373?
3, 19, 163, 503
List the prime factors of 1371149.
13, 29, 3637
What are the prime factors of 17780810?
2, 5, 17, 104593
List the prime factors of 42624.
2, 3, 37
What are the prime factors of 532930?
2, 5, 137, 389
List the prime factors of 373739.
251, 1489
What are the prime factors of 1450652?
2, 7, 103, 503
What are the prime factors of 328066?
2, 17, 9649
What are the prime factors of 2508924?
2, 3, 11, 83, 229
What are the prime factors of 14890345?
5, 337, 8837
What are the prime factors of 246947?
246947
What are the prime factors of 213213?
3, 7, 11, 13, 71
List the prime factors of 651761.
11, 193, 307
What are the prime factors of 1907645?
5, 381529
What are the prime factors of 14492?
2, 3623
What are the prime factors of 1614448?
2, 11, 9173
What are the prime factors of 309069?
3, 11447
What are the prime factors of 14114708?
2, 103, 34259
What are the prime factors of 1572316?
2, 393079
What are the prime factors of 1839236?
2, 7, 65687
List the prime factors of 1741254.
2, 3, 290209
List the prime factors of 3736889.
13, 17, 37, 457
List the prime factors of 27092846.
2, 11, 89, 101, 137
What are the prime factors of 311904?
2, 3, 19
List the prime factors of 2888834.
2, 13, 111109
List the prime factors of 793861.
661, 1201
List the prime factors of 6103363.
7, 179, 4871
List the prime factors of 1497315.
3, 5, 173, 577
What are the prime factors of 8115103?
17, 477359
What are the prime factors of 1015872?
2, 3, 11, 13, 37
What are the prime factors of 5797800?
2, 3, 5, 3221
What are the prime factors of 551504?
2, 34469
What are the prime factors of 21089516?
2, 7, 753197
What are the prime factors of 54939?
3, 18313
What are the prime factors of 545758?
2, 272879
List the prime factors of 2332730.
2, 5, 479, 487
List the prime fact